 a multiple of 20?
False
Does 136 divide 7496184?
True
Does 468 divide 145910700?
True
Is 153 a factor of 23413896?
True
Is 60051255 a multiple of 165?
True
Does 175 divide 56485625?
True
Is 19842452 a multiple of 28?
True
Is 70243657 a multiple of 3169?
False
Is 3838 a factor of 866098432?
True
Is 116 a factor of 22931344?
True
Is 184 a factor of 185547808?
True
Does 949 divide 111116512?
True
Is 252527961 a multiple of 859?
True
Is 18085720 a multiple of 53?
True
Does 4 divide 13733426?
False
Does 248 divide 45036942?
False
Is 4679650 a multiple of 1730?
True
Does 33 divide 48204123?
True
Does 54 divide 9704340?
True
Is 84164542 a multiple of 7?
True
Is 1978556598 a multiple of 138?
False
Does 2933 divide 86147638?
False
Is 9 a factor of 351500811?
False
Is 32170900 a multiple of 5?
True
Is 61 a factor of 149640625?
True
Does 6 divide 16872516?
True
Is 36555945 a multiple of 842?
False
Is 20289012 a multiple of 3?
True
Does 4 divide 15237244?
True
Is 30 a factor of 16646460?
True
Is 55 a factor of 20554794?
False
Does 82 divide 686183077?
False
Is 5408527 a multiple of 5?
False
Is 13863002 a multiple of 1154?
True
Does 1488 divide 26401584?
True
Is 495301134 a multiple of 21?
False
Is 22597250 a multiple of 5?
True
Is 1041 a factor of 69032874?
True
Does 20 divide 108988080?
True
Is 504 a factor of 83635027?
False
Is 160116875 a multiple of 17?
False
Is 1926227 a multiple of 24?
False
Is 13134 a factor of 963003202?
False
Is 9356 a factor of 1515715040?
False
Is 898 a factor of 109231199?
False
Is 30 a factor of 12793890?
True
Is 305 a factor of 2431325569?
False
Is 69482315 a multiple of 3767?
True
Does 13 divide 111788578?
False
Is 150 a factor of 39553294?
False
Does 609 divide 78226050?
True
Does 2132 divide 26455364?
False
Is 27406658 a multiple of 83?
False
Does 3499 divide 326033389?
False
Does 82 divide 155179588?
True
Is 903 a factor of 121363200?
True
Is 47 a factor of 1299288220?
False
Is 30510806 a multiple of 41?
True
Is 33 a factor of 1637450678?
False
Is 329 a factor of 5193923?
True
Does 7016 divide 384371560?
True
Is 1162 a factor of 56922894?
True
Is 835781739 a multiple of 1608?
False
Is 456739748 a multiple of 549?
False
Does 6 divide 1381901?
False
Does 238 divide 15815338?
True
Does 614 divide 267766522?
False
Is 32 a factor of 18345302?
False
Does 40 divide 193882079?
False
Does 15 divide 561839565?
True
Is 188723363 a multiple of 1168?
False
Is 7250672 a multiple of 6?
False
Is 205 a factor of 352832265?
True
Is 1642 a factor of 549678093?
False
Does 4 divide 19461831?
False
Is 4811930 a multiple of 5?
True
Does 6643 divide 2904711537?
True
Does 403 divide 3809854?
False
Does 243 divide 188582823?
True
Is 536183921 a multiple of 477?
False
Is 53905751 a multiple of 25?
False
Is 24835377 a multiple of 4?
False
Does 1197 divide 2566368?
True
Is 62 a factor of 2083030?
False
Is 64 a factor of 2805122762?
False
Is 7977770 a multiple of 1415?
True
Does 261 divide 129017558?
False
Does 51 divide 424365?
False
Is 1097991618 a multiple of 21?
False
Is 106862621 a multiple of 108?
False
Does 337 divide 254423963?
False
Does 11 divide 242533071?
True
Is 9030390 a multiple of 379?
False
Is 708306445 a multiple of 217?
True
Does 17 divide 61804197?
True
Is 118 a factor of 18319146?
True
Is 1651 a factor of 320445857?
False
Is 64 a factor of 268134572?
False
Does 48 divide 973656432?
True
Is 17 a factor of 11411850?
False
Is 6929 a factor of 352088168?
False
Is 633907988 a multiple of 1256?
False
Is 112713179 a multiple of 527?
True
Does 28 divide 109808244?
True
Is 10 a factor of 129962824?
False
Does 304 divide 149170368?
True
Does 28 divide 37841104?
True
Is 184779 a multiple of 5?
False
Is 565921086 a multiple of 194?
True
Does 12300 divide 2376690429?
False
Is 44 a factor of 5329055?
False
Is 133 a factor of 255392452?
True
Is 58585068 a multiple of 113?
False
Is 65143369 a multiple of 1581?
False
Is 18 a factor of 52240282?
False
Is 88 a factor of 294984510?
False
Is 1009493444 a multiple of 1234?
True
Is 144 a factor of 405814896?
True
Does 114 divide 142280131?
False
Is 1843316048 a multiple of 328?
True
Does 51 divide 3597319986?
True
Is 86 a factor of 169238798?
True
Does 41 divide 12505082?
True
Does 48 divide 2995000464?
True
Does 642 divide 930570654?
True
Does 82 divide 11799223?
False
Is 22 a factor of 137433902?
False
Does 38 divide 11692372?
True
Is 13408429 a multiple of 40?
False
Is 939876719 a multiple of 30?
False
Is 186364250 a multiple of 278?
True
Is 18371184 a multiple of 354?
True
Is 5195302880 a multiple of 20?
True
Is 1674801 a multiple of 1473?
True
Is 1948 a factor of 2764026940?
True
Does 293 divide 62460541?
False
Is 2243980885 a multiple of 27?
False
Is 48260429 a multiple of 7?
True
Is 128085360 a multiple of 183?
True
Is 27769797 a multiple of 81?
True
Is 29 a factor of 724512028?
False
Is 915 a factor of 254690250?
True
Is 8 a factor of 22375054?
False
Is 127 a factor of 4132580?
True
Is 55511610 a multiple of 735?
True
Does 147 divide 175781691?
False
Does 1114 divide 388001166?
False
Does 83 divide 58943944?
True
Does 5046 divide 196753632?
True
Is 764406888 a multiple of 28?
True
Does 425 divide 9418425?
True
Does 24 divide 6837658056?
True
Is 1980 a factor of 126866520?
True
Is 275508085 a multiple of 3861?
False
Is 10 a factor of 225600540?
True
Does 38 divide 1597707378?
True
Is 175 a factor of 863786175?
True
Does 9 divide 57952719?
True
Is 2101 a factor of 83320452?
False
Does 64 divide 181631360?
True
Is 38571250 a multiple of 295?
True
Does 193 divide 206934186?
False
Is 84 a factor of 78504300?
True
Is 29 a factor of 1176970451?
False
Does 87 divide 2678047145?
False
Is 315 a factor of 1003160340?
True
Is 167 a factor of 71517750?
True
Does 33 divide 532391409?
True
Is 21383354 a multiple of 494?
False
Is 45820880 a multiple of 966?
False
Is 17204995 a multiple of 197?
True
Is 13191636 a multiple of 2?
True
Does 48 divide 74628028?
False
Is 4749718499 a multiple of 4423?
False
Does 36 divide 38072383?
False
Is 95317700 a multiple of 10?
True
Is 506 a factor of 899482776?
False
Is 1576547928 a multiple of 366?
True
Is 80216462 a multiple of 32?
False
Is 41 a factor of 806222455?
False
Is 404048891 a multiple of 261?
False
Is 19 a factor of 303700237?
True
Is 110 a factor of 4885210?
True
Is 10 a factor of 64140860?
True
Is 182501536 a multiple of 636?
False
Is 1532014281 a multiple of 3759?
True
Is 1389719332 a multiple of 13?
False
Is 1283 a factor of 440560389?
True
Is 6703946 a multiple of 20?
False
Does 130 divide 130769730?
True
Is 106 a factor of 216811005?
False
Is 16 a factor of 142789056?
True
Is 2 a factor of 3668846?
True
Is 25852548 a multiple of 781?
False
Does 1221 divide 14008533?
True
Is 486 a factor of 437608008?
True
Is 188087297 a multiple of 4?
False
Does 215 divide 9177515?
False
Does 13 divide 235322327?
False
Does 2714 divide 721668884?
True
Does 28 divide 658442120?
True
Is 247339750 a multiple of 70?
True
Is 9231939 a multiple of 5?
False
Is 165371440 a multiple of 190?
True
Is 23971197 a multiple of 92?
False
Does 5 divide 37164237?
False
Is 32 a factor of 23905580?
False
Is 36 a factor of 146528327?
False
Is 581424408 a multiple of 14?
False
Is 10 a factor of 10443229?
False
Is 194766628 a multiple of 14?
True
Is 2302 a factor of 17433045?
False
Does 34 divide 79358759?
False
Is 111 a factor of 1381809634?
False
Does 644 divide 2071410544?
True
Does 310 divide 99091308?
False
Does 24 divide 380120808?
True
Is 204145435 a multiple of 1195?
True
Is 777 a factor of 28521339?
True
Is 4 a factor of 337471571?
False
Is 107 a factor of 222509175?
True
Is 15870690 a multiple of 90?
True
Is 35594484 a multiple of 2523?
True
Is 1121465640 a multiple of 24?
True
Is 31479632 a multiple of 31?
True
Is 155075127 a multiple of 16?
False
Is 6543810236 a multiple of 65?
False
Is 93495580 a multiple of 91?
False
Is 1512531 a multiple of 41?
True
Does 1664 divide 46728448?
True
Does 2862 divide 688688784?
True
Does 514 divide 2080980077?
False
Is 42831495 a multiple of 14?
False
Is 36 a factor of 114513776?
False
Is 474 a factor of 19118108?
False
Does 713 divide 31491784?
True
Does 1037 divide 5820681?
True
Is 99 a factor of 138972033?
False
Does 102 divide 226539858?
Tru